{"id":321,"date":"2018-08-31T02:00:47","date_gmt":"2018-08-31T00:00:47","guid":{"rendered":"http:\/\/mediteratn.cluster017.ovh.net\/?page_id=321"},"modified":"2021-08-06T15:23:45","modified_gmt":"2021-08-06T13:23:45","slug":"apt1","status":"publish","type":"page","link":"https:\/\/www.atelierautrement.com\/index.php\/apt1\/","title":{"rendered":"Apt1"},"content":{"rendered":"\t\t<div data-elementor-type=\"wp-post\" data-elementor-id=\"321\" class=\"elementor elementor-321\">\n\t\t\t\t\t\t<section class=\"elementor-section elementor-top-section elementor-element elementor-element-6844645 elementor-section-boxed elementor-section-height-default elementor-section-height-default\" data-id=\"6844645\" data-element_type=\"section\">\n\t\t\t\t\t\t<div class=\"elementor-container elementor-column-gap-default\">\n\t\t\t\t\t<div class=\"elementor-column elementor-col-100 elementor-top-column elementor-element elementor-element-86f32af\" data-id=\"86f32af\" data-element_type=\"column\">\n\t\t\t<div class=\"elementor-widget-wrap elementor-element-populated\">\n\t\t\t\t\t\t<div class=\"elementor-element elementor-element-a9be691 elementor-widget elementor-widget-text-editor\" data-id=\"a9be691\" data-element_type=\"widget\" data-widget_type=\"text-editor.default\">\n\t\t\t\t<div class=\"elementor-widget-container\">\n\t\t\t\t\t\t\t\t\t<div id=\"calque1\">\n<div align=\"center\">\n<p style=\"text-align: center;\"><span style=\"text-decoration: underline;\"><span style=\"font-family: 'times new roman', times, serif; font-size: 12pt; color: #0000ff; text-decoration: underline;\"><a style=\"color: #0000ff; text-decoration: underline;\" href=\"http:\/\/mediteratn.cluster017.ovh.net\/index.php\/apt1-english\/\">English version<\/a>&nbsp;<\/span><\/span><\/p>\n<p><span style=\"font-family: 'times new roman', times, serif; font-size: 12pt; color: #000000;\"><span style=\"font-size: 14pt;\"><strong>Appartement \u00e0 Paris 75014<\/strong><\/span><br><span style=\"font-size: 14pt;\"><strong>avec vue sur jardin, pr\u00e8s de Montparnasse<\/strong><\/span><br><span style=\"font-size: 14pt;\"><strong>177, rue d&rsquo;Al\u00e9sia &#8211; 75014 &#8211; T\u00e9l: +33 (0)1 45 42 27 46 &#8211; contact@atelierautrement.com<\/strong><\/span><br><\/span><\/p>\n<\/div>\n<\/div>\n<div id=\"calque2\">\n<div align=\"center\">\n<p><span style=\"font-family: 'times new roman', times, serif; font-size: 12pt; color: #000000;\"><strong>L&rsquo;appartement ( 45m2 )<\/strong> <br>Mon appartement de 45 m2 est situ\u00e9 au 1er \u00e9tage, calme et ensoleill\u00e9 avec vue sur un ravissant jardin arbor\u00e9 et fleuri, <\/span><br><span style=\"font-family: 'times new roman', times, serif; font-size: 12pt; color: #000000;\">c&rsquo;est un nid de verdure en plein Paris, pr\u00e8s de Montparnasse !<br>il inclut :<br>&#8211; 1 grand double s\u00e9jour de 26m2 avec 2 fen\u00eatres sur jardin, comprenant une partie chambre (13m2) \u00e9quip\u00e9e d&rsquo;un grand lit (1,70x2m)<br>+ une partie salon (13m2) \u00e9quip\u00e9e de 2 banquettes pouvant se transformer en couchage d&rsquo;appoint.<br>&#8211; 1 cuisine (13m2) \u00e9quip\u00e9e de : 1 table de 4\/5 couverts, 4 feux \u00e0 induction, four traditionnel, four micro-onde, r\u00e9frig\u00e9rateur, cong\u00e9lateur, lave-vaisselle, lave\/s\u00e8che linge.<br>&#8211; 1 salle de bain avec baignoire\/douche et wc s\u00e9par\u00e9.<br>&#8211; Equipements divers : TV (tout programmes internationaux), cha\u00eene Hifi, Internet Wi Fi, chemin\u00e9, chauffage, eau chaude, etc &#8230;<\/span><\/p>\n<p><span style=\"color: #000000;\"><strong>Le Quartier<\/strong><\/span><br><span style=\"color: #000000;\">&#8211; L&rsquo;appartement est situ\u00e9 dans le 14\u00e8 arrondissement de Paris, pr\u00e8s de Montparnasse et a proximit\u00e9 de plusieurs stations de m\u00e9tro (Plaisance ou Al\u00e9sia), d&rsquo;autobus (62 et 58) ou de taxi permettant un acc\u00e8s facile et rapide vers tout les quartiers de Paris.<\/span><br><span style=\"color: #000000;\">&#8211; De nombreux restaurants et commerces sont disponibles a proximit\u00e9 (restaurant v\u00e9g\u00e9tarien, magasins bio, etc&#8230;) ainsi qu&rsquo;un march\u00e9 avec des l\u00e9gumes et des fruits frais, 2 fois par semaine (mercredi\/dimanche), juste en face de la maison.<\/span><br><span style=\"color: #000000;\">&#8211; Le 14\u00e8 arrondissement est un quartier tr\u00e8s vivant. La plupart des grandes marques de v\u00eatement (Sonia Rikiel, Cardin, etc&#8230;) y ont install\u00e9es leur magasins de solde qui propose \u00e0 des prix \u00ab\u00a0cass\u00e9s\u00a0\u00bb leur collection de la saison pass\u00e9e. Id\u00e9al pour faire de bonne affaire&#8230;<\/span><br><span style=\"color: #000000;\">&#8211; Le 14\u00e8 arrondissement jouxte le quartier de Montparnasse, tr\u00e8s fameux pour ses nombreux bars et restaurants encore rempli de l&rsquo;\u00e2me des artistes, peintres, \u00e9crivains, philosophe qui l&rsquo;ont peupl\u00e9 et anim\u00e9 si longtemps (Jean Paul Sartre, Simone de Beauvoir, Hemingway, Man Ray, Chagall, Georges Brassens, etc&#8230;).<\/span><\/p>\n<p><span style=\"font-family: 'times new roman', times, serif; font-size: 12pt; color: #000000;\"><strong>Tarifs<\/strong><br>150 \u20ac\/nuit pour 2 nuits &#8211; 140 \u20ac\/nuit pour 3 nuits &#8211; 130 \u20ac\/nuit pour 4 nuits &#8211; 120 \u20ac\/nuit pour 5 nuits et plus.<\/span><br><span style=\"font-size: 12pt; font-family: 'times new roman', times, serif; color: #000000;\">Literie suppl\u00e9mentaire pour couchage d&rsquo;appoint sur les banquettes + 20 \u20ac\/jour . Parking : 15 \u20ac\/jour5<\/span><\/p>\n<\/div>\n<\/div>\t\t\t\t\t\t\t\t<\/div>\n\t\t\t\t<\/div>\n\t\t\t\t\t<\/div>\n\t\t<\/div>\n\t\t\t\t\t<\/div>\n\t\t<\/section>\n\t\t\t\t<section class=\"elementor-section elementor-top-section elementor-element elementor-element-313aa69 elementor-section-content-middle elementor-section-boxed elementor-section-height-default elementor-section-height-default\" data-id=\"313aa69\" data-element_type=\"section\">\n\t\t\t\t\t\t<div class=\"elementor-container elementor-column-gap-default\">\n\t\t\t\t\t<div class=\"elementor-column elementor-col-100 elementor-top-column elementor-element elementor-element-0ed12ee\" data-id=\"0ed12ee\" data-element_type=\"column\">\n\t\t\t<div class=\"elementor-widget-wrap elementor-element-populated\">\n\t\t\t\t\t\t<div class=\"elementor-element elementor-element-f67a472 gallery-spacing-custom elementor-widget elementor-widget-image-gallery\" data-id=\"f67a472\" data-element_type=\"widget\" data-widget_type=\"image-gallery.default\">\n\t\t\t\t<div class=\"elementor-widget-container\">\n\t\t\t\t\t\t\t<div class=\"elementor-image-gallery\">\n\t\t\t<div id='gallery-1' class='gallery galleryid-321 gallery-columns-1 gallery-size-full'><figure class='gallery-item'>\n\t\t\t<div class='gallery-icon landscape'>\n\t\t\t\t<a data-elementor-open-lightbox=\"yes\" data-elementor-lightbox-slideshow=\"f67a472\" data-elementor-lightbox-title=\"OLYMPUS DIGITAL CAMERA\" data-e-action-hash=\"#elementor-action%3Aaction%3Dlightbox%26settings%3DeyJpZCI6MzI2LCJ1cmwiOiJodHRwczpcL1wvd3d3LmF0ZWxpZXJhdXRyZW1lbnQuY29tXC93cC1jb250ZW50XC91cGxvYWRzXC8yMDE4XC8wOFwvQVBUMS0wMV9QMjIxMDg0N19TYWxvbi1DaGFtYnJlLmpwZyIsInNsaWRlc2hvdyI6ImY2N2E0NzIifQ%3D%3D\" href='https:\/\/www.atelierautrement.com\/wp-content\/uploads\/2018\/08\/APT1-01_P2210847_Salon-Chambre.jpg'><img fetchpriority=\"high\" decoding=\"async\" width=\"640\" height=\"480\" src=\"https:\/\/www.atelierautrement.com\/wp-content\/uploads\/2018\/08\/APT1-01_P2210847_Salon-Chambre.jpg\" class=\"attachment-full size-full\" alt=\"\" aria-describedby=\"gallery-1-326\" srcset=\"https:\/\/www.atelierautrement.com\/wp-content\/uploads\/2018\/08\/APT1-01_P2210847_Salon-Chambre.jpg 640w, https:\/\/www.atelierautrement.com\/wp-content\/uploads\/2018\/08\/APT1-01_P2210847_Salon-Chambre-300x225.jpg 300w\" sizes=\"(max-width: 640px) 100vw, 640px\" \/><\/a>\n\t\t\t<\/div>\n\t\t\t\t<figcaption class='wp-caption-text gallery-caption' id='gallery-1-326'>\n\t\t\t\tFr: Grand double s\u00e9jour (26m2) avec 2 fen\u00eatres sur jardin, comprenant : une partie chambre (13m2) avec 1 grand lit (1,70x2m) + une partie salon (13m2) avec 2 banquette pouvant se transformer en couchage d&rsquo;appoint.\n\nEng: Large double livingroom (26m2) with 2 windows on garden, including : one part bedroom (13m2) with 1 large bed (1,70X2m)\n+ one part livingroom (13m2) with 2 couch with possibility of additional sleeping spot.\n\t\t\t\t<\/figcaption><\/figure><figure class='gallery-item'>\n\t\t\t<div class='gallery-icon landscape'>\n\t\t\t\t<a data-elementor-open-lightbox=\"yes\" data-elementor-lightbox-slideshow=\"f67a472\" data-elementor-lightbox-title=\"OLYMPUS DIGITAL CAMERA\" data-e-action-hash=\"#elementor-action%3Aaction%3Dlightbox%26settings%3DeyJpZCI6MzI3LCJ1cmwiOiJodHRwczpcL1wvd3d3LmF0ZWxpZXJhdXRyZW1lbnQuY29tXC93cC1jb250ZW50XC91cGxvYWRzXC8yMDE4XC8wOFwvQVBUMS0wMl9QMjIxMDg1MV9TYWxvbi1DaGFtYnJlLmpwZyIsInNsaWRlc2hvdyI6ImY2N2E0NzIifQ%3D%3D\" href='https:\/\/www.atelierautrement.com\/wp-content\/uploads\/2018\/08\/APT1-02_P2210851_Salon-Chambre.jpg'><img decoding=\"async\" width=\"640\" height=\"480\" src=\"https:\/\/www.atelierautrement.com\/wp-content\/uploads\/2018\/08\/APT1-02_P2210851_Salon-Chambre.jpg\" class=\"attachment-full size-full\" alt=\"\" aria-describedby=\"gallery-1-327\" srcset=\"https:\/\/www.atelierautrement.com\/wp-content\/uploads\/2018\/08\/APT1-02_P2210851_Salon-Chambre.jpg 640w, https:\/\/www.atelierautrement.com\/wp-content\/uploads\/2018\/08\/APT1-02_P2210851_Salon-Chambre-300x225.jpg 300w\" sizes=\"(max-width: 640px) 100vw, 640px\" \/><\/a>\n\t\t\t<\/div>\n\t\t\t\t<figcaption class='wp-caption-text gallery-caption' id='gallery-1-327'>\n\t\t\t\tFr: Grand double s\u00e9jour (26m2) avec 2 fen\u00eatres sur jardin, comprenant : une partie chambre (13m2) avec 1 grand lit (1,70x2m) + une partie salon (13m2) avec 2 banquette pouvant se transformer en couchage d&rsquo;appoint.\n\nEng: Large double livingroom (26m2) with 2 windows on garden, including : one part bedroom (13m2) with 1 large bed (1,70X2m) + one part livingroom (13m2) with 2 couch with possibility of additional sleeping spot\n\t\t\t\t<\/figcaption><\/figure><figure class='gallery-item'>\n\t\t\t<div class='gallery-icon landscape'>\n\t\t\t\t<a data-elementor-open-lightbox=\"yes\" data-elementor-lightbox-slideshow=\"f67a472\" data-elementor-lightbox-title=\"APT1-05_P2210827-1_Cuisine\" data-e-action-hash=\"#elementor-action%3Aaction%3Dlightbox%26settings%3DeyJpZCI6MzI4LCJ1cmwiOiJodHRwczpcL1wvd3d3LmF0ZWxpZXJhdXRyZW1lbnQuY29tXC93cC1jb250ZW50XC91cGxvYWRzXC8yMDE4XC8wOFwvQVBUMS0wNV9QMjIxMDgyNy0xX0N1aXNpbmUuanBnIiwic2xpZGVzaG93IjoiZjY3YTQ3MiJ9\" href='https:\/\/www.atelierautrement.com\/wp-content\/uploads\/2018\/08\/APT1-05_P2210827-1_Cuisine.jpg'><img decoding=\"async\" width=\"640\" height=\"479\" src=\"https:\/\/www.atelierautrement.com\/wp-content\/uploads\/2018\/08\/APT1-05_P2210827-1_Cuisine.jpg\" class=\"attachment-full size-full\" alt=\"\" aria-describedby=\"gallery-1-328\" srcset=\"https:\/\/www.atelierautrement.com\/wp-content\/uploads\/2018\/08\/APT1-05_P2210827-1_Cuisine.jpg 640w, https:\/\/www.atelierautrement.com\/wp-content\/uploads\/2018\/08\/APT1-05_P2210827-1_Cuisine-300x225.jpg 300w\" sizes=\"(max-width: 640px) 100vw, 640px\" \/><\/a>\n\t\t\t<\/div>\n\t\t\t\t<figcaption class='wp-caption-text gallery-caption' id='gallery-1-328'>\n\t\t\t\tFr: Cuisine \u00e9quip\u00e9e : 4 plaques induction, four trad., micro-onde,.r\u00e9frig\u00e9rateur, cong\u00e9lateur, lave-vaisselle, lave- linge, etc&#8230;.\n\nEng: Well equiped kitchen : 4 induction burners, oven, microwave, refrigerator, freezer,..dishwasher, washer\/dryer, etc&#8230;.\n\t\t\t\t<\/figcaption><\/figure><figure class='gallery-item'>\n\t\t\t<div class='gallery-icon landscape'>\n\t\t\t\t<a data-elementor-open-lightbox=\"yes\" data-elementor-lightbox-slideshow=\"f67a472\" data-elementor-lightbox-title=\"APT1-06_DSC02391_Cuisine\" data-e-action-hash=\"#elementor-action%3Aaction%3Dlightbox%26settings%3DeyJpZCI6MzI5LCJ1cmwiOiJodHRwczpcL1wvd3d3LmF0ZWxpZXJhdXRyZW1lbnQuY29tXC93cC1jb250ZW50XC91cGxvYWRzXC8yMDE4XC8wOFwvQVBUMS0wNl9EU0MwMjM5MV9DdWlzaW5lLmpwZyIsInNsaWRlc2hvdyI6ImY2N2E0NzIifQ%3D%3D\" href='https:\/\/www.atelierautrement.com\/wp-content\/uploads\/2018\/08\/APT1-06_DSC02391_Cuisine.jpg'><img loading=\"lazy\" decoding=\"async\" width=\"640\" height=\"480\" src=\"https:\/\/www.atelierautrement.com\/wp-content\/uploads\/2018\/08\/APT1-06_DSC02391_Cuisine.jpg\" class=\"attachment-full size-full\" alt=\"\" aria-describedby=\"gallery-1-329\" srcset=\"https:\/\/www.atelierautrement.com\/wp-content\/uploads\/2018\/08\/APT1-06_DSC02391_Cuisine.jpg 640w, https:\/\/www.atelierautrement.com\/wp-content\/uploads\/2018\/08\/APT1-06_DSC02391_Cuisine-300x225.jpg 300w\" sizes=\"(max-width: 640px) 100vw, 640px\" \/><\/a>\n\t\t\t<\/div>\n\t\t\t\t<figcaption class='wp-caption-text gallery-caption' id='gallery-1-329'>\n\t\t\t\tFr: Cuisine \u00e9quip\u00e9e : 4 plaques induction, four trad., micro-onde,.r\u00e9frig\u00e9rateur, cong\u00e9lateur, lave-vaisselle, lave- linge, etc&#8230;\n\nEng: Well equiped kitchen : 4 induction burners, oven, microwave, refrigerator, freezer,..dishwasher, washer\/dryer, etc&#8230;\n\t\t\t\t<\/figcaption><\/figure><figure class='gallery-item'>\n\t\t\t<div class='gallery-icon landscape'>\n\t\t\t\t<a data-elementor-open-lightbox=\"yes\" data-elementor-lightbox-slideshow=\"f67a472\" data-elementor-lightbox-title=\"APT1-07_DSC02397a_SDB\" data-e-action-hash=\"#elementor-action%3Aaction%3Dlightbox%26settings%3DeyJpZCI6MzMwLCJ1cmwiOiJodHRwczpcL1wvd3d3LmF0ZWxpZXJhdXRyZW1lbnQuY29tXC93cC1jb250ZW50XC91cGxvYWRzXC8yMDE4XC8wOFwvQVBUMS0wN19EU0MwMjM5N2FfU0RCLmpwZyIsInNsaWRlc2hvdyI6ImY2N2E0NzIifQ%3D%3D\" href='https:\/\/www.atelierautrement.com\/wp-content\/uploads\/2018\/08\/APT1-07_DSC02397a_SDB.jpg'><img loading=\"lazy\" decoding=\"async\" width=\"640\" height=\"518\" src=\"https:\/\/www.atelierautrement.com\/wp-content\/uploads\/2018\/08\/APT1-07_DSC02397a_SDB.jpg\" class=\"attachment-full size-full\" alt=\"\" aria-describedby=\"gallery-1-330\" srcset=\"https:\/\/www.atelierautrement.com\/wp-content\/uploads\/2018\/08\/APT1-07_DSC02397a_SDB.jpg 640w, https:\/\/www.atelierautrement.com\/wp-content\/uploads\/2018\/08\/APT1-07_DSC02397a_SDB-300x243.jpg 300w\" sizes=\"(max-width: 640px) 100vw, 640px\" \/><\/a>\n\t\t\t<\/div>\n\t\t\t\t<figcaption class='wp-caption-text gallery-caption' id='gallery-1-330'>\n\t\t\t\tFr: Salle de bain\n\nEng: Bathroom\n\t\t\t\t<\/figcaption><\/figure><figure class='gallery-item'>\n\t\t\t<div class='gallery-icon landscape'>\n\t\t\t\t<a data-elementor-open-lightbox=\"yes\" data-elementor-lightbox-slideshow=\"f67a472\" data-elementor-lightbox-title=\"APT1-08_DSC02403_Vue fenetre\" data-e-action-hash=\"#elementor-action%3Aaction%3Dlightbox%26settings%3DeyJpZCI6MzMxLCJ1cmwiOiJodHRwczpcL1wvd3d3LmF0ZWxpZXJhdXRyZW1lbnQuY29tXC93cC1jb250ZW50XC91cGxvYWRzXC8yMDE4XC8wOFwvQVBUMS0wOF9EU0MwMjQwM19WdWUtZmVuZXRyZS5qcGciLCJzbGlkZXNob3ciOiJmNjdhNDcyIn0%3D\" href='https:\/\/www.atelierautrement.com\/wp-content\/uploads\/2018\/08\/APT1-08_DSC02403_Vue-fenetre.jpg'><img loading=\"lazy\" decoding=\"async\" width=\"640\" height=\"480\" src=\"https:\/\/www.atelierautrement.com\/wp-content\/uploads\/2018\/08\/APT1-08_DSC02403_Vue-fenetre.jpg\" class=\"attachment-full size-full\" alt=\"\" aria-describedby=\"gallery-1-331\" srcset=\"https:\/\/www.atelierautrement.com\/wp-content\/uploads\/2018\/08\/APT1-08_DSC02403_Vue-fenetre.jpg 640w, https:\/\/www.atelierautrement.com\/wp-content\/uploads\/2018\/08\/APT1-08_DSC02403_Vue-fenetre-300x225.jpg 300w\" sizes=\"(max-width: 640px) 100vw, 640px\" \/><\/a>\n\t\t\t<\/div>\n\t\t\t\t<figcaption class='wp-caption-text gallery-caption' id='gallery-1-331'>\n\t\t\t\tFr: Vue de la fen\u00eatre de l&rsquo;appartement\n\nEng: View from the apartment window\n\t\t\t\t<\/figcaption><\/figure><figure class='gallery-item'>\n\t\t\t<div class='gallery-icon landscape'>\n\t\t\t\t<a data-elementor-open-lightbox=\"yes\" data-elementor-lightbox-slideshow=\"f67a472\" data-elementor-lightbox-title=\"APT1-10_DSC02457_Vue fenetre\" data-e-action-hash=\"#elementor-action%3Aaction%3Dlightbox%26settings%3DeyJpZCI6MzMzLCJ1cmwiOiJodHRwczpcL1wvd3d3LmF0ZWxpZXJhdXRyZW1lbnQuY29tXC93cC1jb250ZW50XC91cGxvYWRzXC8yMDE4XC8wOFwvQVBUMS0xMF9EU0MwMjQ1N19WdWUtZmVuZXRyZS5qcGciLCJzbGlkZXNob3ciOiJmNjdhNDcyIn0%3D\" href='https:\/\/www.atelierautrement.com\/wp-content\/uploads\/2018\/08\/APT1-10_DSC02457_Vue-fenetre.jpg'><img loading=\"lazy\" decoding=\"async\" width=\"640\" height=\"480\" src=\"https:\/\/www.atelierautrement.com\/wp-content\/uploads\/2018\/08\/APT1-10_DSC02457_Vue-fenetre.jpg\" class=\"attachment-full size-full\" alt=\"\" aria-describedby=\"gallery-1-333\" srcset=\"https:\/\/www.atelierautrement.com\/wp-content\/uploads\/2018\/08\/APT1-10_DSC02457_Vue-fenetre.jpg 640w, https:\/\/www.atelierautrement.com\/wp-content\/uploads\/2018\/08\/APT1-10_DSC02457_Vue-fenetre-300x225.jpg 300w\" sizes=\"(max-width: 640px) 100vw, 640px\" \/><\/a>\n\t\t\t<\/div>\n\t\t\t\t<figcaption class='wp-caption-text gallery-caption' id='gallery-1-333'>\n\t\t\t\tFr: Vue de la fen\u00eatre de l&rsquo;appartement\n\nEng: View from the apartment window\n\t\t\t\t<\/figcaption><\/figure><figure class='gallery-item'>\n\t\t\t<div class='gallery-icon landscape'>\n\t\t\t\t<a data-elementor-open-lightbox=\"yes\" data-elementor-lightbox-slideshow=\"f67a472\" data-elementor-lightbox-title=\"APT1-11_DSC01693_Exterieur\" data-e-action-hash=\"#elementor-action%3Aaction%3Dlightbox%26settings%3DeyJpZCI6MzM0LCJ1cmwiOiJodHRwczpcL1wvd3d3LmF0ZWxpZXJhdXRyZW1lbnQuY29tXC93cC1jb250ZW50XC91cGxvYWRzXC8yMDE4XC8wOFwvQVBUMS0xMV9EU0MwMTY5M19FeHRlcmlldXIuanBnIiwic2xpZGVzaG93IjoiZjY3YTQ3MiJ9\" href='https:\/\/www.atelierautrement.com\/wp-content\/uploads\/2018\/08\/APT1-11_DSC01693_Exterieur.jpg'><img loading=\"lazy\" decoding=\"async\" width=\"640\" height=\"480\" src=\"https:\/\/www.atelierautrement.com\/wp-content\/uploads\/2018\/08\/APT1-11_DSC01693_Exterieur.jpg\" class=\"attachment-full size-full\" alt=\"\" aria-describedby=\"gallery-1-334\" srcset=\"https:\/\/www.atelierautrement.com\/wp-content\/uploads\/2018\/08\/APT1-11_DSC01693_Exterieur.jpg 640w, https:\/\/www.atelierautrement.com\/wp-content\/uploads\/2018\/08\/APT1-11_DSC01693_Exterieur-300x225.jpg 300w\" sizes=\"(max-width: 640px) 100vw, 640px\" \/><\/a>\n\t\t\t<\/div>\n\t\t\t\t<figcaption class='wp-caption-text gallery-caption' id='gallery-1-334'>\n\t\t\t\tFr: Appartement vue du jardin\n\nEng: Apartment view from the garden\n\t\t\t\t<\/figcaption><\/figure><figure class='gallery-item'>\n\t\t\t<div class='gallery-icon landscape'>\n\t\t\t\t<a data-elementor-open-lightbox=\"yes\" data-elementor-lightbox-slideshow=\"f67a472\" data-elementor-lightbox-title=\"APT1-planwebr\" data-e-action-hash=\"#elementor-action%3Aaction%3Dlightbox%26settings%3DeyJpZCI6MzM1LCJ1cmwiOiJodHRwczpcL1wvd3d3LmF0ZWxpZXJhdXRyZW1lbnQuY29tXC93cC1jb250ZW50XC91cGxvYWRzXC8yMDE4XC8wOFwvQVBUMS1wbGFud2Vici5qcGciLCJzbGlkZXNob3ciOiJmNjdhNDcyIn0%3D\" href='https:\/\/www.atelierautrement.com\/wp-content\/uploads\/2018\/08\/APT1-planwebr.jpg'><img loading=\"lazy\" decoding=\"async\" width=\"696\" height=\"396\" src=\"https:\/\/www.atelierautrement.com\/wp-content\/uploads\/2018\/08\/APT1-planwebr.jpg\" class=\"attachment-full size-full\" alt=\"\" aria-describedby=\"gallery-1-335\" srcset=\"https:\/\/www.atelierautrement.com\/wp-content\/uploads\/2018\/08\/APT1-planwebr.jpg 696w, https:\/\/www.atelierautrement.com\/wp-content\/uploads\/2018\/08\/APT1-planwebr-300x171.jpg 300w\" sizes=\"(max-width: 696px) 100vw, 696px\" \/><\/a>\n\t\t\t<\/div>\n\t\t\t\t<figcaption class='wp-caption-text gallery-caption' id='gallery-1-335'>\n\t\t\t\tPlan d&rsquo;acc\u00e8s \/ Map and access\nPr\u00e8s des m\u00e9tros Plaisance (L. 13) ou Al\u00e9sia (L. 4) et des stations de bus lignes 58 ou 62 (Al\u00e9sia-Didot).\nA 800 m de l\u2019autoroute du sud (A1) et du bld. p\u00e9riph\u00e9rique (portes Bran\u00e7ion, Vanves, Ch\u00e2tillon, Orl\u00e9ans).\n.A 900 m de la gare SNCF de Montparnasse et de la gare RER-RATP de Denfert Rochereau.\n\t\t\t\t<\/figcaption><\/figure>\n\t\t<\/div>\n\t\t<\/div>\n\t\t\t\t\t\t<\/div>\n\t\t\t\t<\/div>\n\t\t\t\t\t<\/div>\n\t\t<\/div>\n\t\t\t\t\t<\/div>\n\t\t<\/section>\n\t\t\t\t<section class=\"elementor-section elementor-top-section elementor-element elementor-element-5eb1783 elementor-section-boxed elementor-section-height-default elementor-section-height-default\" data-id=\"5eb1783\" data-element_type=\"section\">\n\t\t\t\t\t\t<div class=\"elementor-container elementor-column-gap-default\">\n\t\t\t\t\t<div class=\"elementor-column elementor-col-100 elementor-top-column elementor-element elementor-element-1a74857\" data-id=\"1a74857\" data-element_type=\"column\">\n\t\t\t<div class=\"elementor-widget-wrap elementor-element-populated\">\n\t\t\t\t\t\t<div class=\"elementor-element elementor-element-08c6258 elementor-widget elementor-widget-text-editor\" data-id=\"08c6258\" data-element_type=\"widget\" data-widget_type=\"text-editor.default\">\n\t\t\t\t<div class=\"elementor-widget-container\">\n\t\t\t\t\t\t\t\t\t<p style=\"text-align: center;\"><span style=\"font-family: 'times new roman', times, serif; font-size: 14pt; color: #0000ff;\"><a style=\"color: #0000ff;\" href=\"https:\/\/www.google.fr\/maps\/place\/177+Rue+d'Al%C3%A9sia,+75014+Paris\/@48.8309682,2.3152227,17z\/data=!3m1!4b1!4m5!3m4!1s0x47e6704c89a7abfd:0xe3071d6cf2841dcd!8m2!3d48.8309682!4d2.3174114\" target=\"_rpbrowser\"><strong>Plan Google<\/strong><\/a><\/span><\/p>\t\t\t\t\t\t\t\t<\/div>\n\t\t\t\t<\/div>\n\t\t\t\t\t<\/div>\n\t\t<\/div>\n\t\t\t\t\t<\/div>\n\t\t<\/section>\n\t\t\t\t<section class=\"elementor-section elementor-top-section elementor-element elementor-element-9c7dd2a elementor-section-boxed elementor-section-height-default elementor-section-height-default\" data-id=\"9c7dd2a\" data-element_type=\"section\">\n\t\t\t\t\t\t<div class=\"elementor-container elementor-column-gap-default\">\n\t\t\t\t\t<div class=\"elementor-column elementor-col-100 elementor-top-column elementor-element elementor-element-1af53fc\" data-id=\"1af53fc\" data-element_type=\"column\">\n\t\t\t<div class=\"elementor-widget-wrap elementor-element-populated\">\n\t\t\t\t\t\t<div class=\"elementor-element elementor-element-d73dd1a elementor-widget elementor-widget-text-editor\" data-id=\"d73dd1a\" data-element_type=\"widget\" data-widget_type=\"text-editor.default\">\n\t\t\t\t<div class=\"elementor-widget-container\">\n\t\t\t\t\t\t\t\t\t<pre style=\"text-align: center;\"><span style=\"font-family: 'times new roman',times,serif; color: #000000; font-size: 14pt;\">L'Atelier Autrement - 177 rue Al\u00e9sia 75014 Paris - Tel : +33 01 45 42 27 46<\/span><\/pre>\t\t\t\t\t\t\t\t<\/div>\n\t\t\t\t<\/div>\n\t\t\t\t\t<\/div>\n\t\t<\/div>\n\t\t\t\t\t<\/div>\n\t\t<\/section>\n\t\t\t\t<\/div>\n\t\t","protected":false},"excerpt":{"rendered":"<p>English version&nbsp; Appartement \u00e0 Paris 75014avec vue sur jardin, pr\u00e8s de Montparnasse177, rue d&rsquo;Al\u00e9sia &#8211; 75014 &#8211; T\u00e9l: +33 (0)1 45 42 27 46 &#8211; contact@atelierautrement.com L&rsquo;appartement ( 45m2 ) Mon appartement de 45 m2 est situ\u00e9 au 1er \u00e9tage, calme et ensoleill\u00e9 avec vue sur un ravissant jardin arbor\u00e9 et fleuri, c&rsquo;est un nid [&hellip;]<\/p>\n","protected":false},"author":1,"featured_media":0,"parent":0,"menu_order":0,"comment_status":"closed","ping_status":"closed","template":"elementor_header_footer","meta":{"om_disable_all_campaigns":false,"_monsterinsights_skip_tracking":false,"_monsterinsights_sitenote_active":false,"_monsterinsights_sitenote_note":"","_monsterinsights_sitenote_category":0,"footnotes":""},"aioseo_notices":[],"_links":{"self":[{"href":"https:\/\/www.atelierautrement.com\/index.php\/wp-json\/wp\/v2\/pages\/321"}],"collection":[{"href":"https:\/\/www.atelierautrement.com\/index.php\/wp-json\/wp\/v2\/pages"}],"about":[{"href":"https:\/\/www.atelierautrement.com\/index.php\/wp-json\/wp\/v2\/types\/page"}],"author":[{"embeddable":true,"href":"https:\/\/www.atelierautrement.com\/index.php\/wp-json\/wp\/v2\/users\/1"}],"replies":[{"embeddable":true,"href":"https:\/\/www.atelierautrement.com\/index.php\/wp-json\/wp\/v2\/comments?post=321"}],"version-history":[{"count":19,"href":"https:\/\/www.atelierautrement.com\/index.php\/wp-json\/wp\/v2\/pages\/321\/revisions"}],"predecessor-version":[{"id":1250,"href":"https:\/\/www.atelierautrement.com\/index.php\/wp-json\/wp\/v2\/pages\/321\/revisions\/1250"}],"wp:attachment":[{"href":"https:\/\/www.atelierautrement.com\/index.php\/wp-json\/wp\/v2\/media?parent=321"}],"curies":[{"name":"wp","href":"https:\/\/api.w.org\/{rel}","templated":true}]}}